. Let h(y) = -4*u(y) + 9*z(y). What is h(-1)?
-7
Let p(w) = w + 2. Let a be p(3). Let h(l) = a*l - 4*l + 2*l - 4. Let x(k) = -k**3 + 2*k**2 + 4*k. Let u be x(3). Calculate h(u).
5
Let n(h) = -h**3 + 12*h**2 - 7*h + 11. Let u(s) = s**3 - 11*s**2 + 7*s - 10. Let y(z) = -4*n(z) - 5*u(z). Determine y(6).
0
Let t(g) = -g**2 + g - 9. Let c(k) = -k**3 - 5*k**2 + 7*k + 6. Let r be c(-6). Determine t(r).
-9
Let c(b) = -b**3 + 9*b**2 + b - 5. Let i be c(9). Let o(z) = z**2 - 2*z - 3. Give o(i).
5
Let w(b) = b - b**2 + 3*b**2 + 3*b**2 - 6*b**2. Calculate w(0).
0
Let r be (2 + -1)*(3 + -8). Let c(i) = i**3 + 7*i**2 + 6*i - 4. Give c(r).
16
Let g(o) be the first derivative of o**2/2 - 11*o - 2. Let c be g(10). Let k(h) = -5*h. Calculate k(c).
5
Let m(t) = -t + 4. Suppose -4*o + 10 = -o - 4*a, -o + 5 = -a. Suppose -20 = -l + 3*c, 0 = l + 3*c + o. What is m(l)?
-1
Let r(q) = 9*q**3 - q + 1. Let u = -3 + 8. Suppose -5*o + u = 5*f, 0 = -o + 5*f - f + 1. Determine r(o).
9
Let o(b) = b**2 + 7*b + 4. Suppose 4*c - 9 = 4*a + 11, 0 = a + 4. Suppose 16 - c = -3*u. Let z be o(u). Let j(l) = l**3 + 6*l**2 + l. What is j(z)?
-6
Let m(v) be the third derivative of v**9/60480 - v**8/10080 - v**7/1680 + v**6/360 - v**5/60 - v**2. Let c(y) be the third derivative of m(y). Calculate c(3).
2
Let a(w) = w - 3 + 2 + 5*w + 0. Suppose -4 = -4*l + x, -3*l + 4*l - 1 = 2*x. Let z = l + 0. Calculate a(z).
5
Let x(a) = a**3 + a**2. Let t(p) = -6*p**3 + 5*p + 1. Let f = -6 - -5. Let s(r) = f*t(r) - 5*x(r). Give s(6).
5
Let n(a) be the third derivative of 0 - 1/24*a**4 + 0*a + 1/6*a**3 + a**2 + 0*a**5 - 1/120*a**6. Calculate n(1).
-1
Let i(t) = -4*t**2 - 2*t + 2. Let s(k) = 5*k**2 + k - 3. Let b(x) = 4*i(x) + 3*s(x). Give b(-3).
5
Let s(a) = a**2 - 3*a + 3. Suppose -5*j = -21 + 6. Determine s(j).
3
Let x(r) be the second derivative of r**3/6 + 12*r**2 - 2*r - 18. Calculate x(0).
24
Let n(x) = 4 - 3 + 3 - 5 - x. Let j(p) be the second derivative of p**4/12 - 5*p**3/6 + p**2 - 2*p. Let w be j(3). Determine n(w).
3
Let v(q) be the first derivative of 5/3*q**3 - 1/4*q**4 + q - 2*q**2 - 1. Determine v(4).
1
Let l(h) be the third derivative of h**8/20160 + h**7/5040 - h**6/720 + h**5/60 - 8*h**2. Let s(v) be the third derivative of l(v). Give s(-1).
-1
Let n(a) be the first derivative of a**4/4 + 5*a**3/3 + 5*a**2/2 - a + 1. Suppose 6*k - 3*k + 5*j = 8, 2*j = 3*k + 20. Determine n(k).
-5
Suppose 0 = 2*n + 4*x + 22, -2*n + 3*n = -5*x - 23. Let p = n + 2. Let y(h) = -4*h**2 - h. What is y(p)?
-3
Suppose -2 = w + 2*z - 0*z, 2*w - 2 = 2*z. Let t(j) = 3*j**3 - 2*j**2 + 7*j + 11. Let h(b) = b**3 - b**2 + 3*b + 5. Let n(i) = -5*h(i) + 2*t(i). What is n(w)?
-3
Let a(v) = v + 1. Let o be a(5). Let s(h) = h + o*h - h. Determine s(-1).
-6
Suppose x - 2 = -4*p - 12, -4*x + 5*p = -2. Let y be x/7 - (-44)/7. Let c(d) = -d**3 + 6*d**2 - d + 3. Determine c(y).
-3
Let n(b) = 11*b**3 + b**2. Let p be 6/3 + (-3)/3. What is n(p)?
12
Let o(w) = -w**2. Let q(n) = -5. Let h(z) = 6. Let b(v) = 4*h(v) + 5*q(v). Suppose 3*m = 8 - 5. Let s(l) = m*b(l) - 4*o(l). What is s(-1)?
3
Let h = 7 - 3. Suppose 5*u - 40 = -f + 6*f, 5*u - 2*f = 25. Let a(k) = -4*k**2 + 7*k + k**3 + u*k - 4 - 8*k. Determine a(h).
4
Let j(h) be the second derivative of h**4/6 - h**3/2 + h**2 + 4*h. Calculate j(2).
4
Let c(g) be the second derivative of g**3/6 + g**2 - 5*g. What is c(6)?
8
Suppose -t - 1 = -4. Suppose g - t*v + 13 = -0*g, -3*v + 11 = g. Let z(o) be the third derivative of o**6/60 - o**5/30 + o**3/6 + 4*o**2. Determine z(g).
-3
Let s(u) = -u**2 + 7*u - 5. Let d be 18 - -1 - 8/(-8). Suppose f - 18 = -c - 3*f, d = 4*f. Let v = 3 - c. Calculate s(v).
5
Let z(b) = b**2 - 6*b + 5. Let h = -40 - -46. What is z(h)?
5
Let i(f) = -4*f + 6 - 8 + 2*f. Determine i(-2).
2
Let u(i) be the second derivative of i**7/2520 - i**6/240 - i**5/30 - i**4/4 - 5*i. Let b(g) be the third derivative of u(g). Give b(4).
0
Let c(o) = -7*o + 1. Let r(g) = -g**2 - 9*g + 10. Let u be r(-9). Let s = 9 - u. What is c(s)?
8
Let q(o) = 8*o - 1. Let n = -5 - -10. Let f = n - 5. Suppose 0 = r + 1 - f. Determine q(r).
-9
Let a(j) be the third derivative of -j**4/12 + j**3/6 + 3*j**2. Let g be ((-4)/6)/((-2)/(-6)). Give a(g).
5
Let z(b) = -2*b**2 - 2*b - 2. Let r(m) = m**3 + 7*m**2 - m - 5. Let c be r(-7). Let d = 10 - 6. Suppose c = d*k + 10. Calculate z(k).
-6
Let k = -6 - -8. Let d(s) = -3 - 2*s - 3*s + k*s. Determine d(-5).
12
Let y(r) = -11*r**2 - 6*r - r - 12*r - 4*r + 25. Let z(o) = 5*o**2 + 11*o - 12. Suppose -65 = 6*t - t. Let h(n) = t*z(n) - 6*y(n). Determine h(5).
6
Let y = -7 - -1. Let o(v) = -4*v**2 + 5*v - 2 + 0*v + 0 + 5*v**2. Determine o(y).
4
Let d(g) be the first derivative of 0*g + 0*g**2 - 1/3*g**3 - 5/24*g**4 - 1/360*g**6 + 2 - 1/30*g**5. Let j(f) be the third derivative of d(f). Give j(-4).
-5
Let f(r) = r**2 - 6*r - 2. Let i be f(5). Let n = -12 - i. Let g(t) be the third derivative of -t**6/120 - t**5/12 + t**3/2 - 3*t**2. What is g(n)?
3
Let y be (-1)/((-66)/12 - -6). Let i(w) be the third derivative of w**6/120 + w**4/12 + w**3/2 - w**2. Give i(y).
-9
Suppose 0 = 2*g - g - 4. Suppose g*o = -o + 25. Let s(h) = h**3 - 4*h**2 - 5*h + 4. Determine s(o).
4
Let j(p) be the third derivative of p**6/120 - p**5/20 + p**4/8 + 5*p**2 - 4. What is j(2)?
2
Let a(c) = -c**3 + 5*c**2 + 7*c + 4. Suppose 20 = 3*l + 2. What is a(l)?
10
Let f = -15 - -9. Let n(q) = 4*q**2 - 13*q - 7. Let t(h) = -h**2 + h. Let s(p) = -n(p) - 5*t(p). Determine s(f).
-5
Let x(t) = -t + 1. Let p(s) = s - 17. Let k be p(8). Let g = -5 - k. Suppose -g*q - q = -10, 3*y - 3*q + 18 = 0. What is x(y)?
5
Let l(z) = 2*z**3 + 4*z**2 + 4*z + 3. Let t be l(-2). Let w(v) = 2 + 0*v + 1 + 2*v. What is w(t)?
-7
Let t(x) = -x. Let w be (-3 - -3)/(0 + -1). Calculate t(w).
0
Suppose -u + 21 = 5*g, -u = -5*g - 4*u + 13. Let z(n) = 2*n**2 + 2*n + 4. Let x(r) = -r**2 + 1. Let l(d) = 3*x(d) + z(d). Determine l(g).
-8
Let g(z) = z**2 - z. Let s be g(-2). Let j = -4 + s. Suppose -1 = j*m + n - 3, 0 = n - 2. Let a(o) = -o**2 + o - 7. What is a(m)?
-7
Let a(l) = l - 1. Suppose -2*p + 30 = -7*p. Give a(p).
-7
Let l be (7/7)/(2/(-12)). Let w(v) = -v**3 - 6*v**2 - 3*v - 8. Give w(l).
10
Let i(n) = 55 + 4*n + 3*n - 58 + n. Give i(-3).
-27
Let q(i) be the first derivative of 0*i + 1/120*i**6 + 1/24*i**4 + 1/15*i**5 - 1/2*i**3 + 3/2*i**2 + 2. Let u(y) be the second derivative of q(y). Give u(-4).
-7
Let p(g) = -2*g + 3. Suppose 14*l - 3 = 13*l. Give p(l).
-3
Let b be (12/(-30))/((-1)/80). Suppose 3*y + y = b. Let i = y - 11. Let x(o) = o + 3. Determine x(i).
0
Suppose 0 = -5*g + 25 + 5. Let x(c) = -c + 8. Calculate x(g).
2
Let q(l) = -1. Let o(c) = -c - 1. Let n(b) = -2*o(b) - 4*q(b). Suppose -2*g + 3 = 3*h, -h + 24 = 2*h - 5*g. Suppose -h*s - 7 - 5 = 0. What is n(s)?
-2
Let m(u) be the second derivative of -u**5/20 - 5*u**4/12 - u**3/2 - 5*u**2/2 + 2*u. What is m(-5)?
10
Let a(c) = c**3 - c + 2. Suppose -5*w + 2*f - 15 = -3*f, w = -f + 3. Determine a(w).
2
Suppose q + 4*q - 15 = 0. Let k be 0/(-3) - q*-1. Let c(z) = -3*z - z**2 + 1 + k*z**3 - 2*z**3 + 2*z**2. Give c(-3).
-8
Let m(p) = -p**3 + 4*p**2 + 5*p - 1. Let h(r) = -r**3 + 5*r**2 + 6*r - 1. Let n(w) = -2*w. Let u be n(3). Let c(o) = u*m(o) + 5*h(o). Calculate c(-1).
1
Let i(f) = f**3 - f**2 + f + 12. Let w(z) = z**2 + z - 6. Let v be w(-3). Calculate i(v).
12
Let j = 6 + -4. Suppose -4*k + 0*k = -32. Let v(d) = 2 - k*d - j. Calculate v(1).
-8
Let f(d) be the second derivative of -3*d**2 + 2/3*d**3 + 1/12*d**4 + 0 - 2*d. What is f(-5)?
-1
Let y(b) = b**3 + 7*b**2 - b + 2. Let x(g) = g. Let v(d) = -2*x(d) - y(d). Give v(-7).
5
Let d(u) = -4 + 0 + u**3 + u - 3*u**2 + 2 + 7*u**2. Calculate d(-2).
4
Let a(l) = -l - l**2 + 6*l - 1 - 6. Let n = -2 + 7. Determine a(n).
-7
Let s be 1 + 1 + (1 - 2). Let r be -2 - (3 - s - 0). Let t(q) = q**3 + 4*q**2 + 2. Determine t(r).
2
Let w(y) = -3*y - 6. Let k be w(-4). Let z(f) = f + 8. What is z(k)?
14
Let u(i) = 6*i**2 - 2*i - 2. Let j(g) = 7*g**2 - 3*g - 1. Let c(p) = 5*j(p) - 6*u(p). Determine c(-6).
-11
Let v(c) = -c - 9. Let h = -9 + 22. Let j = h - 20. Give v(j).
-2
Let b(l) = 8*l**2 - 4 - l**3 - 4*l + 0 + 2 - 2*l**2. Let a = -21 - -26. Calculate b(a).
3
Let x(u) = u**3 + 6*u**2 + 4*u - 2. Let o(i) = i + 5. Let k be o